{"id":1314,"date":"2023-12-20T22:44:18","date_gmt":"2023-12-20T22:44:18","guid":{"rendered":"https:\/\/www.premium-libraries.com\/dir\/?post_type=product&#038;p=1314"},"modified":"2025-02-28T07:03:05","modified_gmt":"2025-02-28T07:03:05","slug":"crepet-paolo-2","status":"publish","type":"product","link":"https:\/\/www.premium-libraries.com\/dir\/prodotto\/crepet-paolo-2\/","title":{"rendered":"Prendetevi la luna. un dialogo tra generazioni"},"content":{"rendered":"<p>\u00abPrendetevi la luna\u00bb non \u00e8 un consiglio, ma una suggestione. Non vale solo nei momenti difficili, ma anche in quelli di gioia, o quando si tende pi\u00f9 alla rassegnazione che all&#8217;esaltazione. La luna \u00e8 l\u00ec apposta, scompare e ricompare proprio perch\u00e9 se ci fosse sempre sarebbe banale. Funziona come il desiderio, che implica il cercar le stelle proprio quando non ci sono o si teme siano nascoste da qualche parte dell&#8217;universo. Oggi pi\u00f9 che mai siamo catturati dal presente e ce lo siamo fatti bastare, forse atterriti per ci\u00f2 che potrebbe essere alle porte o per saziet\u00e0 di quanto possediamo. La famiglia fatica nella propria funzione autorevole, la scuola \u00e8 inzuppata di burocrazia e impermeabile al cambiamento, l&#8217;attenzione per l&#8217;ambiente, tentando di garantire un futuro benefico, rischia di colpire la bellezza, mentre le tecnologie disegnano un mondo di relazioni mute e asservite a nuovi ordini categorici. \u00c8 come se il futuro proponesse messaggi controversi invece che rassicuranti. Eppure, non sono gli eventi che ci stanno cambiando, ma noi che cambiamo gli eventi. Inseguire un orizzonte, non conquistarlo, questo \u00e8 il senso di pensare e di scrivere. E oggi c&#8217;\u00e8 proprio bisogno di cercare qualcosa di nuovo. Non tutti ci provano, n\u00e9 sentono quest&#8217;obbligo. Si combattono guerre terribili, eppure \u00e8 pi\u00f9 preoccupante ci\u00f2 che non fa rumore e che si annida in tante anime persuadendole ad arroccarsi, a difendersi chiudendo l&#8217;uscio di casa. Girano spacciatori di comodit\u00e0, allettano i pensieri di molta gente. In questo libro, Paolo Crepet torna sui temi a lui pi\u00f9 cari, l&#8217;educazione, la scuola, la famiglia, con un intento chiaro: fornire uno strumento per orientarsi oltre la coltre di nubi che oscurano la luna, ovvero la speranza. Per questo dice ai giovani e anche a chi non lo \u00e8 pi\u00f9: prendetevi la luna. Ognuno la sua, ovviamente.<\/p>\n","protected":false},"excerpt":{"rendered":"<p>\u00abPrendetevi la luna\u00bb non \u00e8 un consiglio, ma una suggestione. Non vale solo nei momenti difficili, ma anche in quelli di gioia, o quando si tende pi\u00f9 alla rassegnazione che all&#8217;esaltazione. La luna \u00e8 l\u00ec apposta, scompare e ricompare proprio perch\u00e9 se ci fosse sempre sarebbe banale. Funziona come il desiderio, che implica il cercar le stelle proprio quando non ci sono o si teme siano nascoste da qualche parte dell&#8217;universo. Oggi pi\u00f9 che mai siamo catturati dal presente e ce lo siamo fatti bastare, forse atterriti per ci\u00f2 che potrebbe essere alle porte o per saziet\u00e0 di quanto possediamo. La famiglia fatica nella propria funzione autorevole, la scuola \u00e8 inzuppata di burocrazia e impermeabile al cambiamento, l&#8217;attenzione per l&#8217;ambiente, tentando di garantire un futuro benefico, rischia di colpire la bellezza, mentre le tecnologie disegnano un mondo di relazioni mute e asservite a nuovi ordini categorici.<\/p>\n","protected":false},"featured_media":1315,"comment_status":"closed","ping_status":"closed","template":"","meta":{"_acf_changed":false,"_et_pb_use_builder":"","_et_pb_old_content":"","_et_gb_content_width":""},"anno":[34],"associate-link":[],"autore":[225],"casa-editrice":[109],"dimensione":[226],"ean":[227],"isbn":[228],"lingua":[39],"pagina":[229],"peso":[176],"product_brand":[],"product_cat":[307],"product_tag":[],"class_list":{"0":"post-1314","1":"product","2":"type-product","3":"status-publish","4":"has-post-thumbnail","6":"anno-34","7":"autore-crepet-paolo","8":"casa-editrice-mondadori","9":"dimensione-15-2-x-2-1-x-21","10":"ean-978-8804763888","11":"isbn-228","12":"lingua-italiano","13":"pagina-229","14":"peso-176","15":"product_cat-main-page","17":"first","18":"instock","19":"shipping-taxable","20":"purchasable","21":"product-type-simple"},"acf":[],"jetpack_sharing_enabled":true,"_links":{"self":[{"href":"https:\/\/www.premium-libraries.com\/dir\/wp-json\/wp\/v2\/product\/1314","targetHints":{"allow":["GET"]}}],"collection":[{"href":"https:\/\/www.premium-libraries.com\/dir\/wp-json\/wp\/v2\/product"}],"about":[{"href":"https:\/\/www.premium-libraries.com\/dir\/wp-json\/wp\/v2\/types\/product"}],"replies":[{"embeddable":true,"href":"https:\/\/www.premium-libraries.com\/dir\/wp-json\/wp\/v2\/comments?post=1314"}],"wp:featuredmedia":[{"embeddable":true,"href":"https:\/\/www.premium-libraries.com\/dir\/wp-json\/wp\/v2\/media\/1315"}],"wp:attachment":[{"href":"https:\/\/www.premium-libraries.com\/dir\/wp-json\/wp\/v2\/media?parent=1314"}],"wp:term":[{"taxonomy":"anno","embeddable":true,"href":"https:\/\/www.premium-libraries.com\/dir\/wp-json\/wp\/v2\/anno?post=1314"},{"taxonomy":"associate-link","embeddable":true,"href":"https:\/\/www.premium-libraries.com\/dir\/wp-json\/wp\/v2\/associate-link?post=1314"},{"taxonomy":"autore","embeddable":true,"href":"https:\/\/www.premium-libraries.com\/dir\/wp-json\/wp\/v2\/autore?post=1314"},{"taxonomy":"casa-editrice","embeddable":true,"href":"https:\/\/www.premium-libraries.com\/dir\/wp-json\/wp\/v2\/casa-editrice?post=1314"},{"taxonomy":"dimensione","embeddable":true,"href":"https:\/\/www.premium-libraries.com\/dir\/wp-json\/wp\/v2\/dimensione?post=1314"},{"taxonomy":"ean","embeddable":true,"href":"https:\/\/www.premium-libraries.com\/dir\/wp-json\/wp\/v2\/ean?post=1314"},{"taxonomy":"isbn","embeddable":true,"href":"https:\/\/www.premium-libraries.com\/dir\/wp-json\/wp\/v2\/isbn?post=1314"},{"taxonomy":"lingua","embeddable":true,"href":"https:\/\/www.premium-libraries.com\/dir\/wp-json\/wp\/v2\/lingua?post=1314"},{"taxonomy":"pagina","embeddable":true,"href":"https:\/\/www.premium-libraries.com\/dir\/wp-json\/wp\/v2\/pagina?post=1314"},{"taxonomy":"peso","embeddable":true,"href":"https:\/\/www.premium-libraries.com\/dir\/wp-json\/wp\/v2\/peso?post=1314"},{"taxonomy":"product_brand","embeddable":true,"href":"https:\/\/www.premium-libraries.com\/dir\/wp-json\/wp\/v2\/product_brand?post=1314"},{"taxonomy":"product_cat","embeddable":true,"href":"https:\/\/www.premium-libraries.com\/dir\/wp-json\/wp\/v2\/product_cat?post=1314"},{"taxonomy":"product_tag","embeddable":true,"href":"https:\/\/www.premium-libraries.com\/dir\/wp-json\/wp\/v2\/product_tag?post=1314"}],"curies":[{"name":"wp","href":"https:\/\/api.w.org\/{rel}","templated":true}]}}

<p>«Prendetevi la luna» non è un consiglio, ma una suggestione. Non vale solo nei momenti difficili, ma anche in quelli di gioia, o quando si tende più alla rassegnazione che all&#8217;esaltazione. La luna è lì apposta, scompare e ricompare proprio perché se ci fosse sempre sarebbe banale. Funziona come il desiderio, che implica il cercar le stelle proprio quando non ci sono o si teme siano nascoste da qualche parte dell&#8217;universo. Oggi più che mai siamo catturati dal presente e ce lo siamo fatti bastare, forse atterriti per ciò che potrebbe essere alle porte o per sazietà di quanto possediamo. La famiglia fatica nella propria funzione autorevole, la scuola è inzuppata di burocrazia e impermeabile al cambiamento, l&#8217;attenzione per l&#8217;ambiente, tentando di garantire un futuro benefico, rischia di colpire la bellezza, mentre le tecnologie disegnano un mondo di relazioni mute e asservite a nuovi ordini categorici. È come se il futuro proponesse messaggi controversi invece che rassicuranti. Eppure, non sono gli eventi che ci stanno cambiando, ma noi che cambiamo gli eventi. Inseguire un orizzonte, non conquistarlo, questo è il senso di pensare e di scrivere. E oggi c&#8217;è proprio bisogno di cercare qualcosa di nuovo. Non tutti ci provano, né sentono quest&#8217;obbligo. Si combattono guerre terribili, eppure è più preoccupante ciò che non fa rumore e che si annida in tante anime persuadendole ad arroccarsi, a difendersi chiudendo l&#8217;uscio di casa. Girano spacciatori di comodità, allettano i pensieri di molta gente. In questo libro, Paolo Crepet torna sui temi a lui più cari, l&#8217;educazione, la scuola, la famiglia, con un intento chiaro: fornire uno strumento per orientarsi oltre la coltre di nubi che oscurano la luna, ovvero la speranza. Per questo dice ai giovani e anche a chi non lo è più: prendetevi la luna. Ognuno la sua, ovviamente.</p>

<p>«Prendetevi la luna» non è un consiglio, ma una suggestione. Non vale solo nei momenti difficili, ma anche in quelli di gioia, o quando si tende più alla rassegnazione che all&#8217;esaltazione. La luna è lì apposta, scompare e ricompare proprio perché se ci fosse sempre sarebbe banale. Funziona come il desiderio, che implica il cercar le stelle proprio quando non ci sono o si teme siano nascoste da qualche parte dell&#8217;universo. Oggi più che mai siamo catturati dal presente e ce lo siamo fatti bastare, forse atterriti per ciò che potrebbe essere alle porte o per sazietà di quanto possediamo. La famiglia fatica nella propria funzione autorevole, la scuola è inzuppata di burocrazia e impermeabile al cambiamento, l&#8217;attenzione per l&#8217;ambiente, tentando di garantire un futuro benefico, rischia di colpire la bellezza, mentre le tecnologie disegnano un mondo di relazioni mute e asservite a nuovi ordini categorici.</p>
