{"id":2898,"date":"2025-02-28T09:14:45","date_gmt":"2025-02-28T09:14:45","guid":{"rendered":"https:\/\/www.premium-libraries.com\/dir\/?post_type=product&#038;p=2898"},"modified":"2025-02-28T09:14:45","modified_gmt":"2025-02-28T09:14:45","slug":"rossella-menegazzo-8","status":"publish","type":"product","link":"https:\/\/www.premium-libraries.com\/dir\/prodotto\/rossella-menegazzo-8\/","title":{"rendered":"Hokusai. Maestro eclettico. Ediz. a colori"},"content":{"rendered":"<p>Con oltre 200 opere, Hokusai rappresenta un\u2019occasione unica per conoscere il massimo esponente dell\u2019Ukiyoe, il filone artistico legato allo stile di vita e ai gusti delle nuove classi emergenti dell\u2019allora citt\u00e0 di Edo, oggi Tokyo. Katsushika Hokusai, artista eccentrico e poliedrico, ha saputo ritrarre con originalit\u00e0 la natura, la quotidianit\u00e0 e le molteplici sfaccettature della societ\u00e0 del suo tempo, combinando la pittura tradizionale giapponese con le tecniche dell\u2019arte occidentale, diventando un incredibile interprete della realt\u00e0 a lui circostante. Il maestro delle iconiche vedute e bellezze paesaggistiche, come la celebre stampa \u201cLa grande onda\u201d, \u00e8 un artista raffinato e poetico. Della sua produzione troviamo, insieme ai capolavori conosciuti, le produzioni pi\u00f9 sconosciute ma fortemente identitarie come i surimono, biglietti pubblicitari e inviti prodotti in edizione limitata, i dipinti su rotolo contraddistinti da raffigurazioni di seducenti bellezze e animali leggendari, i volumi dedicati ai Manga e utilizzati come manuali da disegno per pittori alle silografie dedicate a personaggi letterari e poetici, e tante alte produzioni che dimostrano la sua versatilit\u00e0 e visione. Un artista unico, capace di influenzare i grandi del passato come Degas, Toulouse-Lautrec.<\/p>\n","protected":false},"excerpt":{"rendered":"<p>Con oltre 200 opere, Hokusai rappresenta un\u2019occasione unica per conoscere il massimo esponente dell\u2019Ukiyoe, il filone artistico legato allo stile di vita e ai gusti delle nuove classi emergenti dell\u2019allora citt\u00e0 di Edo, oggi Tokyo. Katsushika Hokusai, artista eccentrico e poliedrico, ha saputo ritrarre con originalit\u00e0 la natura, la quotidianit\u00e0 e le molteplici sfaccettature della [&hellip;]<\/p>\n","protected":false},"featured_media":0,"comment_status":"open","ping_status":"closed","template":"","meta":{"_acf_changed":false,"_et_pb_use_builder":"","_et_pb_old_content":"","_et_gb_content_width":""},"anno":[477],"associate-link":[],"autore":[478],"casa-editrice":[50],"dimensione":[479],"ean":[480],"isbn":[],"lingua":[39],"pagina":[394],"peso":[253],"product_brand":[],"product_cat":[],"product_tag":[],"class_list":{"0":"post-2898","1":"product","2":"type-product","3":"status-publish","5":"anno-13-11-2024","6":"autore-rossella-menegazzo","7":"casa-editrice-libreria-pienogiorno","8":"dimensione-24-6-x-3-2-x-30-3-cm","9":"ean-480","10":"lingua-italiano","11":"pagina-394","12":"peso-253","14":"first","15":"instock","16":"shipping-taxable","17":"purchasable","18":"product-type-simple"},"acf":[],"jetpack_sharing_enabled":true,"_links":{"self":[{"href":"https:\/\/www.premium-libraries.com\/dir\/wp-json\/wp\/v2\/product\/2898","targetHints":{"allow":["GET"]}}],"collection":[{"href":"https:\/\/www.premium-libraries.com\/dir\/wp-json\/wp\/v2\/product"}],"about":[{"href":"https:\/\/www.premium-libraries.com\/dir\/wp-json\/wp\/v2\/types\/product"}],"replies":[{"embeddable":true,"href":"https:\/\/www.premium-libraries.com\/dir\/wp-json\/wp\/v2\/comments?post=2898"}],"wp:attachment":[{"href":"https:\/\/www.premium-libraries.com\/dir\/wp-json\/wp\/v2\/media?parent=2898"}],"wp:term":[{"taxonomy":"anno","embeddable":true,"href":"https:\/\/www.premium-libraries.com\/dir\/wp-json\/wp\/v2\/anno?post=2898"},{"taxonomy":"associate-link","embeddable":true,"href":"https:\/\/www.premium-libraries.com\/dir\/wp-json\/wp\/v2\/associate-link?post=2898"},{"taxonomy":"autore","embeddable":true,"href":"https:\/\/www.premium-libraries.com\/dir\/wp-json\/wp\/v2\/autore?post=2898"},{"taxonomy":"casa-editrice","embeddable":true,"href":"https:\/\/www.premium-libraries.com\/dir\/wp-json\/wp\/v2\/casa-editrice?post=2898"},{"taxonomy":"dimensione","embeddable":true,"href":"https:\/\/www.premium-libraries.com\/dir\/wp-json\/wp\/v2\/dimensione?post=2898"},{"taxonomy":"ean","embeddable":true,"href":"https:\/\/www.premium-libraries.com\/dir\/wp-json\/wp\/v2\/ean?post=2898"},{"taxonomy":"isbn","embeddable":true,"href":"https:\/\/www.premium-libraries.com\/dir\/wp-json\/wp\/v2\/isbn?post=2898"},{"taxonomy":"lingua","embeddable":true,"href":"https:\/\/www.premium-libraries.com\/dir\/wp-json\/wp\/v2\/lingua?post=2898"},{"taxonomy":"pagina","embeddable":true,"href":"https:\/\/www.premium-libraries.com\/dir\/wp-json\/wp\/v2\/pagina?post=2898"},{"taxonomy":"peso","embeddable":true,"href":"https:\/\/www.premium-libraries.com\/dir\/wp-json\/wp\/v2\/peso?post=2898"},{"taxonomy":"product_brand","embeddable":true,"href":"https:\/\/www.premium-libraries.com\/dir\/wp-json\/wp\/v2\/product_brand?post=2898"},{"taxonomy":"product_cat","embeddable":true,"href":"https:\/\/www.premium-libraries.com\/dir\/wp-json\/wp\/v2\/product_cat?post=2898"},{"taxonomy":"product_tag","embeddable":true,"href":"https:\/\/www.premium-libraries.com\/dir\/wp-json\/wp\/v2\/product_tag?post=2898"}],"curies":[{"name":"wp","href":"https:\/\/api.w.org\/{rel}","templated":true}]}}