{"id":3525,"date":"2025-03-24T08:20:10","date_gmt":"2025-03-24T08:20:10","guid":{"rendered":"https:\/\/www.premium-libraries.com\/dir\/?post_type=product&#038;p=3525"},"modified":"2025-03-24T08:20:11","modified_gmt":"2025-03-24T08:20:11","slug":"silvia-avallone-12","status":"publish","type":"product","link":"https:\/\/www.premium-libraries.com\/dir\/prodotto\/silvia-avallone-12\/","title":{"rendered":"Cuore nero"},"content":{"rendered":"<p>L\u2019unico modo per raggiungere Sassaia, minuscolo borgo incastonato tra le montagne, \u00e8 una strada sterrata, ripidissima, nascosta tra i faggi. \u00c8 da l\u00ec che un giorno compare Emilia, capelli rossi e crespi, magra come uno stecco, un\u2019adolescente di trent\u2019anni con gli anfibi viola e il giaccone verde fluo. Dalla casa accanto, Bruno assiste al suo arrivo come si assiste a un\u2019invasione. Quella donna ha l\u2019accento \u201cforesto\u201d e un mucchio di borse e valigie: cosa ci fa lass\u00f9, lontana dal resto del mondo? Quando finalmente s\u2019incontrano, ciascuno con la propria solitudine, negli occhi di Emilia \u2013 \u201cprivi di luce, come due stelle morte\u201d \u2013 Bruno intuisce un abisso simile al suo, ma di segno opposto. Entrambi hanno conosciuto il male: lui perch\u00e9 l\u2019ha subito, lei perch\u00e9 l\u2019ha compiuto \u2013 un male di cui ha pagato il prezzo con molti anni di carcere, ma che non si pu\u00f2 riparare. Sassaia \u00e8 il loro punto di fuga, l\u2019unica soluzione per sottrarsi a un futuro in cui entrambi hanno smesso di credere. Ma il futuro arriva e segue leggi proprie; che tu sia colpevole o innocente, vittima o carnefice, il tempo passa e ci rivela per ci\u00f2 che tutti siamo: infinitamente fragili, fatalmente umani. Con l\u2019amore che solo i grandi autori sanno dedicare ai propri personaggi, Silvia Avallone ha scritto il suo romanzo pi\u00f9 maturo, una storia di condanna e di salvezza che indaga le crepe pi\u00f9 buie e profonde dell\u2019anima per riempirle di compassione, di vita e di luce.<\/p>\n","protected":false},"excerpt":{"rendered":"<p>L\u2019unico modo per raggiungere Sassaia, minuscolo borgo incastonato tra le montagne, \u00e8 una strada sterrata, ripidissima, nascosta tra i faggi. \u00c8 da l\u00ec che un giorno compare Emilia, capelli rossi e crespi, magra come uno stecco, un\u2019adolescente di trent\u2019anni con gli anfibi viola e il giaccone verde fluo. Dalla casa accanto, Bruno assiste al suo [&hellip;]<\/p>\n","protected":false},"featured_media":0,"comment_status":"open","ping_status":"closed","template":"","meta":{"_acf_changed":false,"_et_pb_use_builder":"","_et_pb_old_content":"","_et_gb_content_width":""},"anno":[381],"associate-link":[],"autore":[382],"casa-editrice":[103],"dimensione":[383],"ean":[384],"isbn":[],"lingua":[39],"pagina":[84],"peso":[380],"product_brand":[],"product_cat":[],"product_tag":[],"class_list":{"0":"post-3525","1":"product","2":"type-product","3":"status-publish","5":"anno-23-1-2024","6":"autore-silvia-avallone","7":"casa-editrice-rizzoli","8":"dimensione-14-4-x-3-2-x-21-3-cm","9":"ean-384","10":"lingua-italiano","11":"pagina-84","12":"peso-380","14":"first","15":"instock","16":"shipping-taxable","17":"purchasable","18":"product-type-simple"},"acf":[],"jetpack_sharing_enabled":true,"_links":{"self":[{"href":"https:\/\/www.premium-libraries.com\/dir\/wp-json\/wp\/v2\/product\/3525","targetHints":{"allow":["GET"]}}],"collection":[{"href":"https:\/\/www.premium-libraries.com\/dir\/wp-json\/wp\/v2\/product"}],"about":[{"href":"https:\/\/www.premium-libraries.com\/dir\/wp-json\/wp\/v2\/types\/product"}],"replies":[{"embeddable":true,"href":"https:\/\/www.premium-libraries.com\/dir\/wp-json\/wp\/v2\/comments?post=3525"}],"wp:attachment":[{"href":"https:\/\/www.premium-libraries.com\/dir\/wp-json\/wp\/v2\/media?parent=3525"}],"wp:term":[{"taxonomy":"anno","embeddable":true,"href":"https:\/\/www.premium-libraries.com\/dir\/wp-json\/wp\/v2\/anno?post=3525"},{"taxonomy":"associate-link","embeddable":true,"href":"https:\/\/www.premium-libraries.com\/dir\/wp-json\/wp\/v2\/associate-link?post=3525"},{"taxonomy":"autore","embeddable":true,"href":"https:\/\/www.premium-libraries.com\/dir\/wp-json\/wp\/v2\/autore?post=3525"},{"taxonomy":"casa-editrice","embeddable":true,"href":"https:\/\/www.premium-libraries.com\/dir\/wp-json\/wp\/v2\/casa-editrice?post=3525"},{"taxonomy":"dimensione","embeddable":true,"href":"https:\/\/www.premium-libraries.com\/dir\/wp-json\/wp\/v2\/dimensione?post=3525"},{"taxonomy":"ean","embeddable":true,"href":"https:\/\/www.premium-libraries.com\/dir\/wp-json\/wp\/v2\/ean?post=3525"},{"taxonomy":"isbn","embeddable":true,"href":"https:\/\/www.premium-libraries.com\/dir\/wp-json\/wp\/v2\/isbn?post=3525"},{"taxonomy":"lingua","embeddable":true,"href":"https:\/\/www.premium-libraries.com\/dir\/wp-json\/wp\/v2\/lingua?post=3525"},{"taxonomy":"pagina","embeddable":true,"href":"https:\/\/www.premium-libraries.com\/dir\/wp-json\/wp\/v2\/pagina?post=3525"},{"taxonomy":"peso","embeddable":true,"href":"https:\/\/www.premium-libraries.com\/dir\/wp-json\/wp\/v2\/peso?post=3525"},{"taxonomy":"product_brand","embeddable":true,"href":"https:\/\/www.premium-libraries.com\/dir\/wp-json\/wp\/v2\/product_brand?post=3525"},{"taxonomy":"product_cat","embeddable":true,"href":"https:\/\/www.premium-libraries.com\/dir\/wp-json\/wp\/v2\/product_cat?post=3525"},{"taxonomy":"product_tag","embeddable":true,"href":"https:\/\/www.premium-libraries.com\/dir\/wp-json\/wp\/v2\/product_tag?post=3525"}],"curies":[{"name":"wp","href":"https:\/\/api.w.org\/{rel}","templated":true}]}}