{"id":3527,"date":"2025-03-24T08:20:13","date_gmt":"2025-03-24T08:20:13","guid":{"rendered":"https:\/\/www.premium-libraries.com\/dir\/?post_type=product&#038;p=3527"},"modified":"2025-03-24T08:20:13","modified_gmt":"2025-03-24T08:20:13","slug":"tillie-cole-12","status":"publish","type":"product","link":"https:\/\/www.premium-libraries.com\/dir\/prodotto\/tillie-cole-12\/","title":{"rendered":"Dammi mille baci"},"content":{"rendered":"<p>Un ragazzo. Una ragazza. Un legame creato in un istante e custodito per un decennio. Un&#8217;amicizia che n\u00e9 il tempo n\u00e9 la distanza possono spezzare. Un amore che durer\u00e0 oltre il destino. Poppy Litchfield ha solo nove anni quando si lancia nell&#8217;avventura pi\u00f9 grande della sua vita, collezionare mille baci capaci di farle scoppiare il cuore. Il suo vicino di casa e migliore amico \u00e8 il perfetto compagno per quest&#8217;avventura. Adesso Poppy ha tutto quello che potrebbe desiderare: gioia, risate, baci da togliere il fiato, e il vero amore. Ma crescere \u00e8 difficile e l&#8217;amore pu\u00f2 non essere sempre in grado di superare tutti gli ostacoli\u2026 Quando il diciassettenne Rune Kristiansen torna nella tranquilla cittadina della Georgia in cui ha abitato da bambino, ha in mente solo una cosa: scoprire il motivo che ha spinto la sua inseparabile amica d&#8217;infanzia a escluderlo dalla sua vita senza una parola di spiegazione. Ma, con la scoperta della verit\u00e0, il suo cuore potrebbe spezzarsi di nuovo\u2026<\/p>\n","protected":false},"excerpt":{"rendered":"<p>Un ragazzo. Una ragazza. Un legame creato in un istante e custodito per un decennio. Un&#8217;amicizia che n\u00e9 il tempo n\u00e9 la distanza possono spezzare. Un amore che durer\u00e0 oltre il destino. Poppy Litchfield ha solo nove anni quando si lancia nell&#8217;avventura pi\u00f9 grande della sua vita, collezionare mille baci capaci di farle scoppiare il [&hellip;]<\/p>\n","protected":false},"featured_media":2990,"comment_status":"open","ping_status":"closed","template":"","meta":{"_acf_changed":false,"_et_pb_use_builder":"","_et_pb_old_content":"","_et_gb_content_width":""},"anno":[390],"associate-link":[],"autore":[391],"casa-editrice":[73],"dimensione":[392],"ean":[393],"isbn":[],"lingua":[39],"pagina":[394],"peso":[100],"product_brand":[],"product_cat":[],"product_tag":[],"class_list":{"0":"post-3527","1":"product","2":"type-product","3":"status-publish","4":"has-post-thumbnail","6":"anno-3-12-2024","7":"autore-tillie-cole","8":"casa-editrice-always-publishing","9":"dimensione-14-1-x-2-5-x-21-cm","10":"ean-393","11":"lingua-italiano","12":"pagina-394","13":"peso-100","15":"first","16":"instock","17":"shipping-taxable","18":"purchasable","19":"product-type-simple"},"acf":[],"jetpack_sharing_enabled":true,"_links":{"self":[{"href":"https:\/\/www.premium-libraries.com\/dir\/wp-json\/wp\/v2\/product\/3527","targetHints":{"allow":["GET"]}}],"collection":[{"href":"https:\/\/www.premium-libraries.com\/dir\/wp-json\/wp\/v2\/product"}],"about":[{"href":"https:\/\/www.premium-libraries.com\/dir\/wp-json\/wp\/v2\/types\/product"}],"replies":[{"embeddable":true,"href":"https:\/\/www.premium-libraries.com\/dir\/wp-json\/wp\/v2\/comments?post=3527"}],"wp:featuredmedia":[{"embeddable":true,"href":"https:\/\/www.premium-libraries.com\/dir\/wp-json\/wp\/v2\/media\/2990"}],"wp:attachment":[{"href":"https:\/\/www.premium-libraries.com\/dir\/wp-json\/wp\/v2\/media?parent=3527"}],"wp:term":[{"taxonomy":"anno","embeddable":true,"href":"https:\/\/www.premium-libraries.com\/dir\/wp-json\/wp\/v2\/anno?post=3527"},{"taxonomy":"associate-link","embeddable":true,"href":"https:\/\/www.premium-libraries.com\/dir\/wp-json\/wp\/v2\/associate-link?post=3527"},{"taxonomy":"autore","embeddable":true,"href":"https:\/\/www.premium-libraries.com\/dir\/wp-json\/wp\/v2\/autore?post=3527"},{"taxonomy":"casa-editrice","embeddable":true,"href":"https:\/\/www.premium-libraries.com\/dir\/wp-json\/wp\/v2\/casa-editrice?post=3527"},{"taxonomy":"dimensione","embeddable":true,"href":"https:\/\/www.premium-libraries.com\/dir\/wp-json\/wp\/v2\/dimensione?post=3527"},{"taxonomy":"ean","embeddable":true,"href":"https:\/\/www.premium-libraries.com\/dir\/wp-json\/wp\/v2\/ean?post=3527"},{"taxonomy":"isbn","embeddable":true,"href":"https:\/\/www.premium-libraries.com\/dir\/wp-json\/wp\/v2\/isbn?post=3527"},{"taxonomy":"lingua","embeddable":true,"href":"https:\/\/www.premium-libraries.com\/dir\/wp-json\/wp\/v2\/lingua?post=3527"},{"taxonomy":"pagina","embeddable":true,"href":"https:\/\/www.premium-libraries.com\/dir\/wp-json\/wp\/v2\/pagina?post=3527"},{"taxonomy":"peso","embeddable":true,"href":"https:\/\/www.premium-libraries.com\/dir\/wp-json\/wp\/v2\/peso?post=3527"},{"taxonomy":"product_brand","embeddable":true,"href":"https:\/\/www.premium-libraries.com\/dir\/wp-json\/wp\/v2\/product_brand?post=3527"},{"taxonomy":"product_cat","embeddable":true,"href":"https:\/\/www.premium-libraries.com\/dir\/wp-json\/wp\/v2\/product_cat?post=3527"},{"taxonomy":"product_tag","embeddable":true,"href":"https:\/\/www.premium-libraries.com\/dir\/wp-json\/wp\/v2\/product_tag?post=3527"}],"curies":[{"name":"wp","href":"https:\/\/api.w.org\/{rel}","templated":true}]}}