{"id":3582,"date":"2025-11-09T19:40:56","date_gmt":"2025-11-09T19:40:56","guid":{"rendered":"https:\/\/www.premium-libraries.com\/dir\/?post_type=product&#038;p=3582"},"modified":"2025-12-06T22:28:09","modified_gmt":"2025-12-06T22:28:09","slug":"spettri-abbiamo-scelto-di-dimenticarli-prima-o-poi-torneranno-perche-sono-la-cattiva-coscienza-delloccidente","status":"publish","type":"product","link":"https:\/\/www.premium-libraries.com\/dir\/prodotto\/spettri-abbiamo-scelto-di-dimenticarli-prima-o-poi-torneranno-perche-sono-la-cattiva-coscienza-delloccidente\/","title":{"rendered":"Spettri. Abbiamo scelto di dimenticarli. Prima o poi torneranno perch\u00e9 sono la cattiva coscienza dell&#8217;Occidente"},"content":{"rendered":"<p>Nella consapevolezza che la storia, e i suoi protagonisti pi\u00f9 ambigui, tornano sempre a presentarci il conto delle scelte e degli errori compiuti, Monica Maggioni riscrive le storie interrotte di cui non parliamo e che minacciano il nostro futuro e la nostra idea di sicurezza. Dal capo spirituale di Hamas alla giovane italiana trascinata nel gorgo dell\u2019Isis, dall\u2019addestratore di kamikaze Tawalbe, al neonazista americano Kreis, al fanatico antimusulmano Breivik; da Occidente a Oriente, riappaiono i volti degli incubi che attraversano la contemporaneit\u00e0. La verit\u00e0 \u00e8 che la storia non ammette scorciatoie e in ogni suo anfratto, rimasto in ombra per convenienza o pavidit\u00e0, trovano dimora gli spettri: persone che hanno creato una frattura, tracciato un segno. Il mondo magari li ha sconfitti, in alcuni casi uccisi, altrimenti sorpassati e dimenticati, ma la loro eredit\u00e0 si \u00e8 radicata, ha sfruttato il tempo per crescere sottotraccia e ha infranto l\u2019equilibrio su cui credevamo di poterci poggiare.<\/p>\n","protected":false},"excerpt":{"rendered":"<p>Nella consapevolezza che la storia, e i suoi protagonisti pi\u00f9 ambigui, tornano sempre a presentarci il conto delle scelte e degli errori compiuti, Monica Maggioni riscrive le storie interrotte di cui non parliamo e che minacciano il nostro futuro e la nostra idea di sicurezza. Dal capo spirituale di Hamas alla giovane italiana trascinata nel gorgo dell\u2019Isis, dall\u2019addestratore di kamikaze Tawalbe, al neonazista americano Kreis, al fanatico antimusulmano Breivik; da Occidente a Oriente, riappaiono i volti degli incubi che attraversano la contemporaneit\u00e0.<\/p>\n","protected":false},"featured_media":3643,"comment_status":"open","ping_status":"closed","template":"","meta":{"_acf_changed":false,"_et_pb_use_builder":"","_et_pb_old_content":"","_et_gb_content_width":""},"anno":[759],"associate-link":[765],"autore":[760],"casa-editrice":[761],"dimensione":[762],"ean":[763],"isbn":[],"lingua":[39],"pagina":[258],"peso":[764],"product_brand":[],"product_cat":[307],"product_tag":[33],"class_list":{"0":"post-3582","1":"product","2":"type-product","3":"status-publish","4":"has-post-thumbnail","6":"anno-759","7":"associate-link-https-amzn-to-496wvqw","8":"autore-monica-maggioni","9":"casa-editrice-tea","10":"dimensione-13-4-x-3-4-x-20-5","11":"ean-978-8850273867","12":"lingua-italiano","13":"pagina-258","14":"peso-764","15":"product_cat-main-page","16":"product_tag-soft-cover","18":"first","19":"instock","20":"shipping-taxable","21":"product-type-external"},"acf":[],"jetpack_sharing_enabled":true,"_links":{"self":[{"href":"https:\/\/www.premium-libraries.com\/dir\/wp-json\/wp\/v2\/product\/3582","targetHints":{"allow":["GET"]}}],"collection":[{"href":"https:\/\/www.premium-libraries.com\/dir\/wp-json\/wp\/v2\/product"}],"about":[{"href":"https:\/\/www.premium-libraries.com\/dir\/wp-json\/wp\/v2\/types\/product"}],"replies":[{"embeddable":true,"href":"https:\/\/www.premium-libraries.com\/dir\/wp-json\/wp\/v2\/comments?post=3582"}],"wp:featuredmedia":[{"embeddable":true,"href":"https:\/\/www.premium-libraries.com\/dir\/wp-json\/wp\/v2\/media\/3643"}],"wp:attachment":[{"href":"https:\/\/www.premium-libraries.com\/dir\/wp-json\/wp\/v2\/media?parent=3582"}],"wp:term":[{"taxonomy":"anno","embeddable":true,"href":"https:\/\/www.premium-libraries.com\/dir\/wp-json\/wp\/v2\/anno?post=3582"},{"taxonomy":"associate-link","embeddable":true,"href":"https:\/\/www.premium-libraries.com\/dir\/wp-json\/wp\/v2\/associate-link?post=3582"},{"taxonomy":"autore","embeddable":true,"href":"https:\/\/www.premium-libraries.com\/dir\/wp-json\/wp\/v2\/autore?post=3582"},{"taxonomy":"casa-editrice","embeddable":true,"href":"https:\/\/www.premium-libraries.com\/dir\/wp-json\/wp\/v2\/casa-editrice?post=3582"},{"taxonomy":"dimensione","embeddable":true,"href":"https:\/\/www.premium-libraries.com\/dir\/wp-json\/wp\/v2\/dimensione?post=3582"},{"taxonomy":"ean","embeddable":true,"href":"https:\/\/www.premium-libraries.com\/dir\/wp-json\/wp\/v2\/ean?post=3582"},{"taxonomy":"isbn","embeddable":true,"href":"https:\/\/www.premium-libraries.com\/dir\/wp-json\/wp\/v2\/isbn?post=3582"},{"taxonomy":"lingua","embeddable":true,"href":"https:\/\/www.premium-libraries.com\/dir\/wp-json\/wp\/v2\/lingua?post=3582"},{"taxonomy":"pagina","embeddable":true,"href":"https:\/\/www.premium-libraries.com\/dir\/wp-json\/wp\/v2\/pagina?post=3582"},{"taxonomy":"peso","embeddable":true,"href":"https:\/\/www.premium-libraries.com\/dir\/wp-json\/wp\/v2\/peso?post=3582"},{"taxonomy":"product_brand","embeddable":true,"href":"https:\/\/www.premium-libraries.com\/dir\/wp-json\/wp\/v2\/product_brand?post=3582"},{"taxonomy":"product_cat","embeddable":true,"href":"https:\/\/www.premium-libraries.com\/dir\/wp-json\/wp\/v2\/product_cat?post=3582"},{"taxonomy":"product_tag","embeddable":true,"href":"https:\/\/www.premium-libraries.com\/dir\/wp-json\/wp\/v2\/product_tag?post=3582"}],"curies":[{"name":"wp","href":"https:\/\/api.w.org\/{rel}","templated":true}]}}

Spettri. Abbiamo scelto di dimenticarli. Prima o poi torneranno perché sono la cattiva coscienza dell&#8217;Occidente

<p>Nella consapevolezza che la storia, e i suoi protagonisti più ambigui, tornano sempre a presentarci il conto delle scelte e degli errori compiuti, Monica Maggioni riscrive le storie interrotte di cui non parliamo e che minacciano il nostro futuro e la nostra idea di sicurezza. Dal capo spirituale di Hamas alla giovane italiana trascinata nel gorgo dell’Isis, dall’addestratore di kamikaze Tawalbe, al neonazista americano Kreis, al fanatico antimusulmano Breivik; da Occidente a Oriente, riappaiono i volti degli incubi che attraversano la contemporaneità. La verità è che la storia non ammette scorciatoie e in ogni suo anfratto, rimasto in ombra per convenienza o pavidità, trovano dimora gli spettri: persone che hanno creato una frattura, tracciato un segno. Il mondo magari li ha sconfitti, in alcuni casi uccisi, altrimenti sorpassati e dimenticati, ma la loro eredità si è radicata, ha sfruttato il tempo per crescere sottotraccia e ha infranto l’equilibrio su cui credevamo di poterci poggiare.</p>

<p>Nella consapevolezza che la storia, e i suoi protagonisti più ambigui, tornano sempre a presentarci il conto delle scelte e degli errori compiuti, Monica Maggioni riscrive le storie interrotte di cui non parliamo e che minacciano il nostro futuro e la nostra idea di sicurezza. Dal capo spirituale di Hamas alla giovane italiana trascinata nel gorgo dell’Isis, dall’addestratore di kamikaze Tawalbe, al neonazista americano Kreis, al fanatico antimusulmano Breivik; da Occidente a Oriente, riappaiono i volti degli incubi che attraversano la contemporaneità.</p>
