{"id":3639,"date":"2025-11-11T21:54:51","date_gmt":"2025-11-11T21:54:51","guid":{"rendered":"https:\/\/www.premium-libraries.com\/dir\/?post_type=product&#038;p=3639"},"modified":"2025-12-06T21:57:19","modified_gmt":"2025-12-06T21:57:19","slug":"lettori-mp3-e-mp4-portatili-128gb-lettore-mp3-con-bluetooth-5-3-aimoonsa-lettore-musicale-con-altoparlante-hd-integrato-radio-fm-registratore-vocale-suono-hifi-funzione-e-book-auricolari-inclus","status":"publish","type":"product","link":"https:\/\/www.premium-libraries.com\/dir\/prodotto\/lettori-mp3-e-mp4-portatili-128gb-lettore-mp3-con-bluetooth-5-3-aimoonsa-lettore-musicale-con-altoparlante-hd-integrato-radio-fm-registratore-vocale-suono-hifi-funzione-e-book-auricolari-inclus\/","title":{"rendered":"Lettori MP3 e MP4 portatili  128GB Lettore MP3 con Bluetooth 5.3, AiMoonsa Lettore Musicale con Altoparlante HD Integrato, radio FM, Registratore Vocale, Suono HiFi, Funzione E-book, Auricolari Inclusi"},"content":{"rendered":"<table class=\"a-normal a-spacing-micro\" role=\"list\">\n<tbody>\n<tr class=\"a-spacing-small po-brand\" role=\"listitem\">\n<td class=\"a-span3\" role=\"presentation\"><span class=\"a-size-base a-text-bold\">Marchio<\/span><\/td>\n<td class=\"a-span9\" role=\"presentation\"><span class=\"a-size-base po-break-word\">AiMoonsa<\/span><\/td>\n<\/tr>\n<tr class=\"a-spacing-small po-special_feature\" role=\"listitem\">\n<td class=\"a-span3\" role=\"presentation\"><span class=\"a-size-base a-text-bold\">Caratteristica speciale<\/span><\/td>\n<td class=\"a-span9\" role=\"presentation\"><span class=\"a-size-base po-break-word\">Altoparlante integrato, Radio FM, Registrazione vocale, Schermo tattile<\/span><\/td>\n<\/tr>\n<tr class=\"a-spacing-small po-connectivity_technology\" role=\"listitem\">\n<td class=\"a-span3\" role=\"presentation\"><span class=\"a-size-base a-text-bold\">Tecnologia di connettivit\u00e0<\/span><\/td>\n<td class=\"a-span9\" role=\"presentation\"><span class=\"a-size-base po-break-word\">Bluetooth, USB<\/span><\/td>\n<\/tr>\n<tr class=\"a-spacing-small po-memory_storage_capacity\" role=\"listitem\">\n<td class=\"a-span3\" role=\"presentation\"><span class=\"a-size-base a-text-bold\">Capacit\u00e0 della memoria<\/span><\/td>\n<td class=\"a-span9\" role=\"presentation\"><span class=\"a-size-base po-break-word\">128 GB<\/span><\/td>\n<\/tr>\n<tr class=\"a-spacing-small po-color\" role=\"listitem\">\n<td class=\"a-span3\" role=\"presentation\"><span class=\"a-size-base a-text-bold\">Colore<\/span><\/td>\n<td class=\"a-span9\" role=\"presentation\"><span class=\"a-size-base po-break-word\">Nero<\/span><\/td>\n<\/tr>\n<\/tbody>\n<\/table>\n<p>&nbsp;<\/p>\n<p>&nbsp;<\/p>\n<h2 class=\"a-size-base-plus a-text-bold\">Informazioni su questo articolo<\/h2>\n<ul class=\"a-unordered-list a-vertical a-spacing-mini\">\n<li class=\"a-spacing-mini\"><span class=\"a-list-item\">\u3010Capacit\u00e0 ampia da 128GB\u3011Il lettore MP3 di AiMoonsa \u00e8 dotato di 128GB di spazio di archiviazione, in grado di ospitare facilmente migliaia delle tue canzoni o audiolibri preferiti. Inoltre, la porta USB 2.0 accelera significativamente il processo di trasferimento.<\/span><\/li>\n<li class=\"a-spacing-mini\"><span class=\"a-list-item\">\u3010Ultima versione di Bluetooth 5.2\u3011L&#8217;ultima versione Bluetooth 5.2 significa una velocit\u00e0 di trasmissione pi\u00f9 rapida, una distanza di connessione pi\u00f9 lunga e una maggiore capacit\u00e0 di anti-interferenza. Riduzione del consumo energetico per un maggiore risparmio energetico. E supporto per formati lossless come APE \/ FLAC \/ WMA \/ MP3 \/ ACELP e altri.<\/span><\/li>\n<li class=\"a-spacing-mini\"><span class=\"a-list-item\">\u3010Suono HIFI Lossless e Altoparlante HD integrato\u3011Costruito con un potente chip di decodifica audio, trasforma efficientemente il codice sorgente in un suono di livello HIFI, che assomiglia strettamente all&#8217;audio originale. Dotato di altoparlanti HD, se preferisci non utilizzare le cuffie, puoi goderti direttamente la musica utilizzando il lettore MP3.<\/span><\/li>\n<li class=\"a-spacing-mini\"><span class=\"a-list-item\">\u3010Schermo touchscreen completo e lettore MP3 multifunzionale\u3011Le funzioni integrate includono la riproduzione di musica, il registratore vocale, la radio, gli ebook, il cronometro, la calcolatrice, la sveglia e altro ancora. Il touchscreen altamente sensibile da 2,0 pollici consente un&#8217;operazione rapida, consentendoti di navigare e passare rapidamente tra le funzioni desiderate.<\/span><\/li>\n<li class=\"a-spacing-mini\"><span class=\"a-list-item\">\u3010Portabilit\u00e0 conveniente e miglior servizio\u3011Ogni confezione include una pellicola protettiva, un guscio protettivo e un laccio, rendendolo comodo per le attivit\u00e0 all&#8217;aperto o per l&#8217;utilizzo durante gli spostamenti. Offriamo 30 giorni di reso e cambio gratuiti e 1 anno di garanzia. Se hai domande, puoi contattarci in qualsiasi momento. Risponderemo in meno di 24 ore.<\/span><\/li>\n<\/ul>\n","protected":false},"excerpt":{"rendered":"<h2 class=\"a-size-base-plus a-text-bold\">Informazioni su questo articolo<\/h2>\n<ul class=\"a-unordered-list a-vertical a-spacing-mini\">\n<li class=\"a-spacing-mini\"><span class=\"a-list-item\">\u3010Capacit\u00e0 ampia da 128GB\u3011Il lettore MP3 di AiMoonsa \u00e8 dotato di 128GB di spazio di archiviazione, in grado di ospitare facilmente migliaia delle tue canzoni o audiolibri preferiti. Inoltre, la porta USB 2.0 accelera significativamente il processo di trasferimento.<\/span><\/li>\n<li class=\"a-spacing-mini\"><span class=\"a-list-item\">\u3010Ultima versione di Bluetooth 5.2\u3011L&#8217;ultima versione Bluetooth 5.2 significa una velocit\u00e0 di trasmissione pi\u00f9 rapida, una distanza di connessione pi\u00f9 lunga e una maggiore capacit\u00e0 di anti-interferenza. Riduzione del consumo energetico per un maggiore risparmio energetico. E supporto per formati lossless come APE \/ FLAC \/ WMA \/ MP3 \/ ACELP e altri.<\/span><\/li>\n<li class=\"a-spacing-mini\"><span class=\"a-list-item\">\u3010Suono HIFI Lossless e Altoparlante HD integrato\u3011Costruito con un potente chip di decodifica audio, trasforma efficientemente il codice sorgente in un suono di livello HIFI, che assomiglia strettamente all&#8217;audio originale. Dotato di altoparlanti HD, se preferisci non utilizzare le cuffie, puoi goderti direttamente la musica utilizzando il lettore MP3.<\/span><\/li>\n<li class=\"a-spacing-mini\"><span class=\"a-list-item\">\u3010Schermo touchscreen completo e lettore MP3 multifunzionale\u3011Le funzioni integrate includono la riproduzione di musica, il registratore vocale, la radio, gli ebook, il cronometro, la calcolatrice, la sveglia e altro ancora. Il touchscreen altamente sensibile da 2,0 pollici consente un&#8217;operazione rapida, consentendoti di navigare e passare rapidamente tra le funzioni desiderate.<\/span><\/li>\n<li class=\"a-spacing-mini\"><span class=\"a-list-item\">\u3010Portabilit\u00e0 conveniente e miglior servizio\u3011Ogni confezione include una pellicola protettiva, un guscio protettivo e un laccio, rendendolo comodo per le attivit\u00e0 all&#8217;aperto o per l&#8217;utilizzo durante gli spostamenti. Offriamo 30 giorni di reso e cambio gratuiti e 1 anno di garanzia. Se hai domande, puoi contattarci in qualsiasi momento. Risponderemo in meno di 24 ore.<\/span><\/li>\n<\/ul>\n","protected":false},"featured_media":3640,"comment_status":"open","ping_status":"closed","template":"","meta":{"_acf_changed":false,"_et_pb_use_builder":"","_et_pb_old_content":"","_et_gb_content_width":""},"anno":[],"associate-link":[766],"autore":[],"casa-editrice":[],"dimensione":[],"ean":[],"isbn":[],"lingua":[],"pagina":[],"peso":[],"product_brand":[],"product_cat":[306,307],"product_tag":[],"class_list":{"0":"post-3639","1":"product","2":"type-product","3":"status-publish","4":"has-post-thumbnail","6":"associate-link-https-amzn-to-488lyds","7":"product_cat-gadgets","8":"product_cat-main-page","10":"first","11":"instock","12":"shipping-taxable","13":"product-type-external"},"acf":[],"jetpack_sharing_enabled":true,"_links":{"self":[{"href":"https:\/\/www.premium-libraries.com\/dir\/wp-json\/wp\/v2\/product\/3639","targetHints":{"allow":["GET"]}}],"collection":[{"href":"https:\/\/www.premium-libraries.com\/dir\/wp-json\/wp\/v2\/product"}],"about":[{"href":"https:\/\/www.premium-libraries.com\/dir\/wp-json\/wp\/v2\/types\/product"}],"replies":[{"embeddable":true,"href":"https:\/\/www.premium-libraries.com\/dir\/wp-json\/wp\/v2\/comments?post=3639"}],"wp:featuredmedia":[{"embeddable":true,"href":"https:\/\/www.premium-libraries.com\/dir\/wp-json\/wp\/v2\/media\/3640"}],"wp:attachment":[{"href":"https:\/\/www.premium-libraries.com\/dir\/wp-json\/wp\/v2\/media?parent=3639"}],"wp:term":[{"taxonomy":"anno","embeddable":true,"href":"https:\/\/www.premium-libraries.com\/dir\/wp-json\/wp\/v2\/anno?post=3639"},{"taxonomy":"associate-link","embeddable":true,"href":"https:\/\/www.premium-libraries.com\/dir\/wp-json\/wp\/v2\/associate-link?post=3639"},{"taxonomy":"autore","embeddable":true,"href":"https:\/\/www.premium-libraries.com\/dir\/wp-json\/wp\/v2\/autore?post=3639"},{"taxonomy":"casa-editrice","embeddable":true,"href":"https:\/\/www.premium-libraries.com\/dir\/wp-json\/wp\/v2\/casa-editrice?post=3639"},{"taxonomy":"dimensione","embeddable":true,"href":"https:\/\/www.premium-libraries.com\/dir\/wp-json\/wp\/v2\/dimensione?post=3639"},{"taxonomy":"ean","embeddable":true,"href":"https:\/\/www.premium-libraries.com\/dir\/wp-json\/wp\/v2\/ean?post=3639"},{"taxonomy":"isbn","embeddable":true,"href":"https:\/\/www.premium-libraries.com\/dir\/wp-json\/wp\/v2\/isbn?post=3639"},{"taxonomy":"lingua","embeddable":true,"href":"https:\/\/www.premium-libraries.com\/dir\/wp-json\/wp\/v2\/lingua?post=3639"},{"taxonomy":"pagina","embeddable":true,"href":"https:\/\/www.premium-libraries.com\/dir\/wp-json\/wp\/v2\/pagina?post=3639"},{"taxonomy":"peso","embeddable":true,"href":"https:\/\/www.premium-libraries.com\/dir\/wp-json\/wp\/v2\/peso?post=3639"},{"taxonomy":"product_brand","embeddable":true,"href":"https:\/\/www.premium-libraries.com\/dir\/wp-json\/wp\/v2\/product_brand?post=3639"},{"taxonomy":"product_cat","embeddable":true,"href":"https:\/\/www.premium-libraries.com\/dir\/wp-json\/wp\/v2\/product_cat?post=3639"},{"taxonomy":"product_tag","embeddable":true,"href":"https:\/\/www.premium-libraries.com\/dir\/wp-json\/wp\/v2\/product_tag?post=3639"}],"curies":[{"name":"wp","href":"https:\/\/api.w.org\/{rel}","templated":true}]}}