{"id":3674,"date":"2025-12-05T22:21:40","date_gmt":"2025-12-05T22:21:40","guid":{"rendered":"https:\/\/www.premium-libraries.com\/dir\/?post_type=product&#038;p=3674"},"modified":"2025-12-05T22:36:46","modified_gmt":"2025-12-05T22:36:46","slug":"3674","status":"publish","type":"product","link":"https:\/\/www.premium-libraries.com\/dir\/prodotto\/3674\/","title":{"rendered":"Spettri"},"content":{"rendered":"<p><span class=\"a-text-bold\">\u00abSono rimasti inchiodati a lungo nella mia mente, ognuno nella sua vicenda. Pezzi di storia che ci siamo voluti lasciare alle spalle per illuderci che si possa fare finta di niente. Poi un giorno, un giorno di ottobre, in cui il corso delle cose si \u00e8 spezzato, me li sono trovati di fronte. Tutti in fila.\u00bb<\/span><br \/>\nIl 7 ottobre 2023 \u00e8 un doloroso risveglio per l\u2019Occidente. La ferocia dell\u2019attacco di Hamas a Israele riporta in primo piano, nelle agende del mondo, la causa palestinese e i suoi spettri. Li avevamo rimossi e loro sono tornati.<br \/>\nNella consapevolezza che la storia, e i suoi protagonisti pi\u00f9 ambigui, tornano sempre a presentarci il conto delle scelte e degli errori compiuti, Monica Maggioni riscrive le storie interrotte di cui non parliamo e che minacciano il nostro futuro e la nostra idea di sicurezza.<br \/>\nDal capo spirituale di Hamas alla giovane italiana trascinata nel gorgo dell\u2019Isis, dall\u2019addestratore di kamikaze Tawalbe, al neonazista americano Kreis, al fanatico antimusulmano Breivik; da Occidente a Oriente, riappaiono i volti degli incubi che attraversano la contemporaneit\u00e0. La verit\u00e0 \u00e8 che la storia non ammette scorciatoie e in ogni suo anfratto, rimasto in ombra per convenienza o pavidit\u00e0, trovano dimora gli spettri: persone che hanno creato una frattura, tracciato un segno. Il mondo magari li ha sconfitti, in alcuni casi uccisi, altrimenti sorpassati e dimenticati, ma la loro eredit\u00e0 si \u00e8 radicata, ha sfruttato il tempo per crescere sottotraccia.<br \/>\nMaggioni, che ha coperto per oltre vent\u2019anni i principali conflitti mondiali, nel corso della sua carriera ha incrociato molti personaggi destinati a trasformarsi in \u201cspettri\u201d. Li ha incontrati, li ha guardati negli occhi e adesso, voltandosi a ripercorrere i loro e i propri passi, ricostruisce il sentiero tortuoso che ci ha portati fin qui, dove l\u2019equilibrio su cui credevamo di poterci poggiare si \u00e8 infranto.<\/p>\n","protected":false},"excerpt":{"rendered":"<p><span class=\"a-text-bold\">\u00abSono rimasti inchiodati a lungo nella mia mente, ognuno nella sua vicenda. Pezzi di storia che ci siamo voluti lasciare alle spalle per illuderci che si possa fare finta di niente. Poi un giorno, un giorno di ottobre, in cui il corso delle cose si \u00e8 spezzato, me li sono trovati di fronte. Tutti in fila.\u00bb<\/span><br \/>\nIl 7 ottobre 2023 \u00e8 un doloroso risveglio per l\u2019Occidente. La ferocia dell\u2019attacco di Hamas a Israele riporta in primo piano, nelle agende del mondo, la causa palestinese e i suoi spettri. Li avevamo rimossi e loro sono tornati.<br \/>\nNella consapevolezza che la storia, e i suoi protagonisti pi\u00f9 ambigui, tornano sempre a presentarci il conto delle scelte e degli errori compiuti, Monica Maggioni riscrive le storie interrotte di cui non parliamo e che minacciano il nostro futuro e la nostra idea di sicurezza.<br \/>\nDal capo spirituale di Hamas alla giovane italiana trascinata nel gorgo dell\u2019Isis, dall\u2019addestratore di kamikaze Tawalbe, al neonazista americano Kreis,<\/p>\n","protected":false},"featured_media":3643,"comment_status":"open","ping_status":"closed","template":"","meta":{"_acf_changed":false,"_et_pb_use_builder":"","_et_pb_old_content":"","_et_gb_content_width":""},"anno":[],"associate-link":[],"autore":[760],"casa-editrice":[81],"dimensione":[],"ean":[773],"isbn":[],"lingua":[],"pagina":[],"peso":[],"product_brand":[],"product_cat":[15],"product_tag":[],"class_list":{"0":"post-3674","1":"product","2":"type-product","3":"status-publish","4":"has-post-thumbnail","6":"autore-monica-maggioni","7":"casa-editrice-longanesi","8":"ean-978-8830462502","9":"product_cat-senza-categoria","11":"first","12":"instock","13":"shipping-taxable","14":"product-type-external"},"acf":[],"jetpack_sharing_enabled":true,"_links":{"self":[{"href":"https:\/\/www.premium-libraries.com\/dir\/wp-json\/wp\/v2\/product\/3674","targetHints":{"allow":["GET"]}}],"collection":[{"href":"https:\/\/www.premium-libraries.com\/dir\/wp-json\/wp\/v2\/product"}],"about":[{"href":"https:\/\/www.premium-libraries.com\/dir\/wp-json\/wp\/v2\/types\/product"}],"replies":[{"embeddable":true,"href":"https:\/\/www.premium-libraries.com\/dir\/wp-json\/wp\/v2\/comments?post=3674"}],"wp:featuredmedia":[{"embeddable":true,"href":"https:\/\/www.premium-libraries.com\/dir\/wp-json\/wp\/v2\/media\/3643"}],"wp:attachment":[{"href":"https:\/\/www.premium-libraries.com\/dir\/wp-json\/wp\/v2\/media?parent=3674"}],"wp:term":[{"taxonomy":"anno","embeddable":true,"href":"https:\/\/www.premium-libraries.com\/dir\/wp-json\/wp\/v2\/anno?post=3674"},{"taxonomy":"associate-link","embeddable":true,"href":"https:\/\/www.premium-libraries.com\/dir\/wp-json\/wp\/v2\/associate-link?post=3674"},{"taxonomy":"autore","embeddable":true,"href":"https:\/\/www.premium-libraries.com\/dir\/wp-json\/wp\/v2\/autore?post=3674"},{"taxonomy":"casa-editrice","embeddable":true,"href":"https:\/\/www.premium-libraries.com\/dir\/wp-json\/wp\/v2\/casa-editrice?post=3674"},{"taxonomy":"dimensione","embeddable":true,"href":"https:\/\/www.premium-libraries.com\/dir\/wp-json\/wp\/v2\/dimensione?post=3674"},{"taxonomy":"ean","embeddable":true,"href":"https:\/\/www.premium-libraries.com\/dir\/wp-json\/wp\/v2\/ean?post=3674"},{"taxonomy":"isbn","embeddable":true,"href":"https:\/\/www.premium-libraries.com\/dir\/wp-json\/wp\/v2\/isbn?post=3674"},{"taxonomy":"lingua","embeddable":true,"href":"https:\/\/www.premium-libraries.com\/dir\/wp-json\/wp\/v2\/lingua?post=3674"},{"taxonomy":"pagina","embeddable":true,"href":"https:\/\/www.premium-libraries.com\/dir\/wp-json\/wp\/v2\/pagina?post=3674"},{"taxonomy":"peso","embeddable":true,"href":"https:\/\/www.premium-libraries.com\/dir\/wp-json\/wp\/v2\/peso?post=3674"},{"taxonomy":"product_brand","embeddable":true,"href":"https:\/\/www.premium-libraries.com\/dir\/wp-json\/wp\/v2\/product_brand?post=3674"},{"taxonomy":"product_cat","embeddable":true,"href":"https:\/\/www.premium-libraries.com\/dir\/wp-json\/wp\/v2\/product_cat?post=3674"},{"taxonomy":"product_tag","embeddable":true,"href":"https:\/\/www.premium-libraries.com\/dir\/wp-json\/wp\/v2\/product_tag?post=3674"}],"curies":[{"name":"wp","href":"https:\/\/api.w.org\/{rel}","templated":true}]}}

<p><span class="a-text-bold">«Sono rimasti inchiodati a lungo nella mia mente, ognuno nella sua vicenda. Pezzi di storia che ci siamo voluti lasciare alle spalle per illuderci che si possa fare finta di niente. Poi un giorno, un giorno di ottobre, in cui il corso delle cose si è spezzato, me li sono trovati di fronte. Tutti in fila.»</span><br />
Il 7 ottobre 2023 è un doloroso risveglio per l’Occidente. La ferocia dell’attacco di Hamas a Israele riporta in primo piano, nelle agende del mondo, la causa palestinese e i suoi spettri. Li avevamo rimossi e loro sono tornati.<br />
Nella consapevolezza che la storia, e i suoi protagonisti più ambigui, tornano sempre a presentarci il conto delle scelte e degli errori compiuti, Monica Maggioni riscrive le storie interrotte di cui non parliamo e che minacciano il nostro futuro e la nostra idea di sicurezza.<br />
Dal capo spirituale di Hamas alla giovane italiana trascinata nel gorgo dell’Isis, dall’addestratore di kamikaze Tawalbe, al neonazista americano Kreis, al fanatico antimusulmano Breivik; da Occidente a Oriente, riappaiono i volti degli incubi che attraversano la contemporaneità. La verità è che la storia non ammette scorciatoie e in ogni suo anfratto, rimasto in ombra per convenienza o pavidità, trovano dimora gli spettri: persone che hanno creato una frattura, tracciato un segno. Il mondo magari li ha sconfitti, in alcuni casi uccisi, altrimenti sorpassati e dimenticati, ma la loro eredità si è radicata, ha sfruttato il tempo per crescere sottotraccia.<br />
Maggioni, che ha coperto per oltre vent’anni i principali conflitti mondiali, nel corso della sua carriera ha incrociato molti personaggi destinati a trasformarsi in “spettri”. Li ha incontrati, li ha guardati negli occhi e adesso, voltandosi a ripercorrere i loro e i propri passi, ricostruisce il sentiero tortuoso che ci ha portati fin qui, dove l’equilibrio su cui credevamo di poterci poggiare si è infranto.</p>

<p><span class="a-text-bold">«Sono rimasti inchiodati a lungo nella mia mente, ognuno nella sua vicenda. Pezzi di storia che ci siamo voluti lasciare alle spalle per illuderci che si possa fare finta di niente. Poi un giorno, un giorno di ottobre, in cui il corso delle cose si è spezzato, me li sono trovati di fronte. Tutti in fila.»</span><br />
Il 7 ottobre 2023 è un doloroso risveglio per l’Occidente. La ferocia dell’attacco di Hamas a Israele riporta in primo piano, nelle agende del mondo, la causa palestinese e i suoi spettri. Li avevamo rimossi e loro sono tornati.<br />
Nella consapevolezza che la storia, e i suoi protagonisti più ambigui, tornano sempre a presentarci il conto delle scelte e degli errori compiuti, Monica Maggioni riscrive le storie interrotte di cui non parliamo e che minacciano il nostro futuro e la nostra idea di sicurezza.<br />
Dal capo spirituale di Hamas alla giovane italiana trascinata nel gorgo dell’Isis, dall’addestratore di kamikaze Tawalbe, al neonazista americano Kreis,</p>
