{"id":463,"date":"2023-10-13T22:30:10","date_gmt":"2023-10-13T22:30:10","guid":{"rendered":"https:\/\/www.premium-libraries.com\/dir\/?post_type=product&#038;p=463"},"modified":"2025-02-28T07:02:42","modified_gmt":"2025-02-28T07:02:42","slug":"madre-dossa","status":"publish","type":"product","link":"https:\/\/www.premium-libraries.com\/dir\/prodotto\/madre-dossa\/","title":{"rendered":"Madre d&#8217;Ossa"},"content":{"rendered":"<p>Teresa Battaglia ha davvero perso la sfida pi\u00f9 grande di tutte? Quella con la sua memoria, contro il suo corpo e la malattia che le ha annebbiato la mente?\u00a0 Tutto lo fa ritenere. \u00c8 questo che pensano i suoi colleghi, le persone che le vogliono bene, chi le sta intorno. \u00c8 questo che crede anche Massimo Marini quando, dopo aver ricevuto una chiamata anonima, si precipita in mezzo alle montagne. Dove il bosco pi\u00f9 fitto cede il passo all&#8217;acqua gelida di lago, qualcosa di enigmatico e terribile \u00e8 accaduto. Ed \u00e8 l\u00ec che Massimo vede Teresa. Le guance sporche di sangue, lo sguardo smarrito e tra le braccia il cadavere di un ragazzo. Chi era quel giovane? E perch\u00e9 Teresa \u00e8 l\u00ec con lui? Massimo non ha risposte, solo dubbi. Sa, per\u00f2, che la scena di un crimine \u00e8 l&#8217;ultimo posto in cui dovrebbe trovarsi il commissario Battaglia. \u00a0 Teresa ha irreparabilmente alterato il luogo del ritrovamento e inquinato gli indizi.\u00a0Ma forse non \u00e8 davvero cos\u00ec che stanno le cose.<\/p>\n","protected":false},"excerpt":{"rendered":"<p>Teresa Battaglia ha davvero perso la sfida pi\u00f9 grande di tutte? Quella con la sua memoria, contro il suo corpo e la malattia che le ha annebbiato la mente?\u00a0 Tutto lo fa ritenere. \u00c8 questo che pensano i suoi colleghi, le persone che le vogliono bene, chi le sta intorno. \u00c8 questo che crede anche Massimo Marini quando, dopo aver ricevuto una chiamata anonima, si precipita in mezzo alle montagne. Dove il bosco pi\u00f9 fitto cede<\/p>\n","protected":false},"featured_media":473,"comment_status":"closed","ping_status":"closed","template":"","meta":{"_acf_changed":false,"_et_pb_use_builder":"","_et_pb_old_content":"","_et_gb_content_width":""},"anno":[34],"associate-link":[],"autore":[80],"casa-editrice":[81],"dimensione":[162],"ean":[163],"isbn":[164],"lingua":[39],"pagina":[84],"peso":[85],"product_brand":[],"product_cat":[15],"product_tag":[32,33],"class_list":{"0":"post-463","1":"product","2":"type-product","3":"status-publish","4":"has-post-thumbnail","6":"anno-34","7":"autore-tuti-ilaria","8":"casa-editrice-longanesi","9":"dimensione-15-5-x-4-7-x-23-1","10":"ean-978-8830448766","11":"isbn-164","12":"lingua-italiano","13":"pagina-84","14":"peso-85","15":"product_cat-senza-categoria","16":"product_tag-libro","17":"product_tag-soft-cover","19":"first","20":"instock","21":"shipping-taxable","22":"purchasable","23":"product-type-simple"},"acf":[],"jetpack_sharing_enabled":true,"_links":{"self":[{"href":"https:\/\/www.premium-libraries.com\/dir\/wp-json\/wp\/v2\/product\/463","targetHints":{"allow":["GET"]}}],"collection":[{"href":"https:\/\/www.premium-libraries.com\/dir\/wp-json\/wp\/v2\/product"}],"about":[{"href":"https:\/\/www.premium-libraries.com\/dir\/wp-json\/wp\/v2\/types\/product"}],"replies":[{"embeddable":true,"href":"https:\/\/www.premium-libraries.com\/dir\/wp-json\/wp\/v2\/comments?post=463"}],"wp:featuredmedia":[{"embeddable":true,"href":"https:\/\/www.premium-libraries.com\/dir\/wp-json\/wp\/v2\/media\/473"}],"wp:attachment":[{"href":"https:\/\/www.premium-libraries.com\/dir\/wp-json\/wp\/v2\/media?parent=463"}],"wp:term":[{"taxonomy":"anno","embeddable":true,"href":"https:\/\/www.premium-libraries.com\/dir\/wp-json\/wp\/v2\/anno?post=463"},{"taxonomy":"associate-link","embeddable":true,"href":"https:\/\/www.premium-libraries.com\/dir\/wp-json\/wp\/v2\/associate-link?post=463"},{"taxonomy":"autore","embeddable":true,"href":"https:\/\/www.premium-libraries.com\/dir\/wp-json\/wp\/v2\/autore?post=463"},{"taxonomy":"casa-editrice","embeddable":true,"href":"https:\/\/www.premium-libraries.com\/dir\/wp-json\/wp\/v2\/casa-editrice?post=463"},{"taxonomy":"dimensione","embeddable":true,"href":"https:\/\/www.premium-libraries.com\/dir\/wp-json\/wp\/v2\/dimensione?post=463"},{"taxonomy":"ean","embeddable":true,"href":"https:\/\/www.premium-libraries.com\/dir\/wp-json\/wp\/v2\/ean?post=463"},{"taxonomy":"isbn","embeddable":true,"href":"https:\/\/www.premium-libraries.com\/dir\/wp-json\/wp\/v2\/isbn?post=463"},{"taxonomy":"lingua","embeddable":true,"href":"https:\/\/www.premium-libraries.com\/dir\/wp-json\/wp\/v2\/lingua?post=463"},{"taxonomy":"pagina","embeddable":true,"href":"https:\/\/www.premium-libraries.com\/dir\/wp-json\/wp\/v2\/pagina?post=463"},{"taxonomy":"peso","embeddable":true,"href":"https:\/\/www.premium-libraries.com\/dir\/wp-json\/wp\/v2\/peso?post=463"},{"taxonomy":"product_brand","embeddable":true,"href":"https:\/\/www.premium-libraries.com\/dir\/wp-json\/wp\/v2\/product_brand?post=463"},{"taxonomy":"product_cat","embeddable":true,"href":"https:\/\/www.premium-libraries.com\/dir\/wp-json\/wp\/v2\/product_cat?post=463"},{"taxonomy":"product_tag","embeddable":true,"href":"https:\/\/www.premium-libraries.com\/dir\/wp-json\/wp\/v2\/product_tag?post=463"}],"curies":[{"name":"wp","href":"https:\/\/api.w.org\/{rel}","templated":true}]}}