{"id":464,"date":"2023-10-13T22:30:11","date_gmt":"2023-10-13T22:30:11","guid":{"rendered":"https:\/\/www.premium-libraries.com\/dir\/?post_type=product&#038;p=464"},"modified":"2025-02-28T07:02:44","modified_gmt":"2025-02-28T07:02:44","slug":"sorelle-una-storia-di-sara","status":"publish","type":"product","link":"https:\/\/www.premium-libraries.com\/dir\/prodotto\/sorelle-una-storia-di-sara\/","title":{"rendered":"Sorelle: Una Storia di Sara"},"content":{"rendered":"<p>Teresa Pandolfi ha esagerato. Questo pensa chi l&#8217;ha rapita. La sfacciata, attraente bionda a capo dell&#8217;Unit\u00e0 segreta dei Servizi deve essere messa a tacere. Prima di farla fuori, per\u00f2, serve la certezza che non abbia lasciato prove compromettenti per il loro sistema di potere. Intanto Sara \u00e8 in crisi. Diverse come il giorno e la notte, lei e Bionda sono amiche, colleghe, rivali. Pi\u00f9 ancora: sorelle. Dal giorno in cui non le risponde a un messaggio, Mora ha capito: Teresa \u00e8 in pericolo di vita. Lei \u00e8 disposta a qualsiasi cosa per salvarla, con Viola, Pardo e persino Boris, il colossale Bovaro del Bernese. Al suo fianco la risorsa pi\u00f9 preziosa, l&#8217;ex agente Andrea Catapano, che con Bionda e Mora ha condiviso gli anni migliori. Cos\u00ec comincia una forsennata corsa contro il tempo. Per capire se esistono delle prove, unica merce di scambio per la liberazione di Teresa, Sara dovr\u00e0 scavare dentro tutto ci\u00f2 che sa di lei. Tornare alle indagini di ieri, collegarle a quelle di oggi. Ma dovr\u00e0 soprattutto schiudere lo scrigno dei ricordi, anche i pi\u00f9 minuti, all&#8217;apparenza insignificanti, che ognuno di noi cela a propria insaputa in fondo al cuore. L\u00ec in mezzo, Mora potrebbe indovinare la pista giusta, a cui arriverebbe &#8211; in uno slancio dell&#8217;anima &#8211; soltanto una sorella.<\/p>\n","protected":false},"excerpt":{"rendered":"<p>Teresa Pandolfi ha esagerato. Questo pensa chi l&#8217;ha rapita. La sfacciata, attraente bionda a capo dell&#8217;Unit\u00e0 segreta dei Servizi deve essere messa a tacere. Prima di farla fuori, per\u00f2, serve la certezza che non abbia lasciato prove compromettenti per il loro sistema di potere. Intanto Sara \u00e8 in crisi. Diverse come il giorno e la notte, lei e Bionda sono amiche, colleghe, rivali. Pi\u00f9 ancora: sorelle.<\/p>\n","protected":false},"featured_media":471,"comment_status":"closed","ping_status":"closed","template":"","meta":{"_acf_changed":false,"_et_pb_use_builder":"","_et_pb_old_content":"","_et_gb_content_width":""},"anno":[34],"associate-link":[],"autore":[165],"casa-editrice":[103],"dimensione":[166],"ean":[167],"isbn":[168],"lingua":[39],"pagina":[107],"peso":[100],"product_brand":[],"product_cat":[15],"product_tag":[32,33],"class_list":{"0":"post-464","1":"product","2":"type-product","3":"status-publish","4":"has-post-thumbnail","6":"anno-34","7":"autore-di-maurizio-giovanni","8":"casa-editrice-rizzoli","9":"dimensione-14-6-x-2-3-x-21-5","10":"ean-978-8817175456","11":"isbn-168","12":"lingua-italiano","13":"pagina-107","14":"peso-100","15":"product_cat-senza-categoria","16":"product_tag-libro","17":"product_tag-soft-cover","19":"first","20":"instock","21":"shipping-taxable","22":"purchasable","23":"product-type-simple"},"acf":[],"jetpack_sharing_enabled":true,"_links":{"self":[{"href":"https:\/\/www.premium-libraries.com\/dir\/wp-json\/wp\/v2\/product\/464","targetHints":{"allow":["GET"]}}],"collection":[{"href":"https:\/\/www.premium-libraries.com\/dir\/wp-json\/wp\/v2\/product"}],"about":[{"href":"https:\/\/www.premium-libraries.com\/dir\/wp-json\/wp\/v2\/types\/product"}],"replies":[{"embeddable":true,"href":"https:\/\/www.premium-libraries.com\/dir\/wp-json\/wp\/v2\/comments?post=464"}],"wp:featuredmedia":[{"embeddable":true,"href":"https:\/\/www.premium-libraries.com\/dir\/wp-json\/wp\/v2\/media\/471"}],"wp:attachment":[{"href":"https:\/\/www.premium-libraries.com\/dir\/wp-json\/wp\/v2\/media?parent=464"}],"wp:term":[{"taxonomy":"anno","embeddable":true,"href":"https:\/\/www.premium-libraries.com\/dir\/wp-json\/wp\/v2\/anno?post=464"},{"taxonomy":"associate-link","embeddable":true,"href":"https:\/\/www.premium-libraries.com\/dir\/wp-json\/wp\/v2\/associate-link?post=464"},{"taxonomy":"autore","embeddable":true,"href":"https:\/\/www.premium-libraries.com\/dir\/wp-json\/wp\/v2\/autore?post=464"},{"taxonomy":"casa-editrice","embeddable":true,"href":"https:\/\/www.premium-libraries.com\/dir\/wp-json\/wp\/v2\/casa-editrice?post=464"},{"taxonomy":"dimensione","embeddable":true,"href":"https:\/\/www.premium-libraries.com\/dir\/wp-json\/wp\/v2\/dimensione?post=464"},{"taxonomy":"ean","embeddable":true,"href":"https:\/\/www.premium-libraries.com\/dir\/wp-json\/wp\/v2\/ean?post=464"},{"taxonomy":"isbn","embeddable":true,"href":"https:\/\/www.premium-libraries.com\/dir\/wp-json\/wp\/v2\/isbn?post=464"},{"taxonomy":"lingua","embeddable":true,"href":"https:\/\/www.premium-libraries.com\/dir\/wp-json\/wp\/v2\/lingua?post=464"},{"taxonomy":"pagina","embeddable":true,"href":"https:\/\/www.premium-libraries.com\/dir\/wp-json\/wp\/v2\/pagina?post=464"},{"taxonomy":"peso","embeddable":true,"href":"https:\/\/www.premium-libraries.com\/dir\/wp-json\/wp\/v2\/peso?post=464"},{"taxonomy":"product_brand","embeddable":true,"href":"https:\/\/www.premium-libraries.com\/dir\/wp-json\/wp\/v2\/product_brand?post=464"},{"taxonomy":"product_cat","embeddable":true,"href":"https:\/\/www.premium-libraries.com\/dir\/wp-json\/wp\/v2\/product_cat?post=464"},{"taxonomy":"product_tag","embeddable":true,"href":"https:\/\/www.premium-libraries.com\/dir\/wp-json\/wp\/v2\/product_tag?post=464"}],"curies":[{"name":"wp","href":"https:\/\/api.w.org\/{rel}","templated":true}]}}

<p>Teresa Pandolfi ha esagerato. Questo pensa chi l&#8217;ha rapita. La sfacciata, attraente bionda a capo dell&#8217;Unità segreta dei Servizi deve essere messa a tacere. Prima di farla fuori, però, serve la certezza che non abbia lasciato prove compromettenti per il loro sistema di potere. Intanto Sara è in crisi. Diverse come il giorno e la notte, lei e Bionda sono amiche, colleghe, rivali. Più ancora: sorelle. Dal giorno in cui non le risponde a un messaggio, Mora ha capito: Teresa è in pericolo di vita. Lei è disposta a qualsiasi cosa per salvarla, con Viola, Pardo e persino Boris, il colossale Bovaro del Bernese. Al suo fianco la risorsa più preziosa, l&#8217;ex agente Andrea Catapano, che con Bionda e Mora ha condiviso gli anni migliori. Così comincia una forsennata corsa contro il tempo. Per capire se esistono delle prove, unica merce di scambio per la liberazione di Teresa, Sara dovrà scavare dentro tutto ciò che sa di lei. Tornare alle indagini di ieri, collegarle a quelle di oggi. Ma dovrà soprattutto schiudere lo scrigno dei ricordi, anche i più minuti, all&#8217;apparenza insignificanti, che ognuno di noi cela a propria insaputa in fondo al cuore. Lì in mezzo, Mora potrebbe indovinare la pista giusta, a cui arriverebbe &#8211; in uno slancio dell&#8217;anima &#8211; soltanto una sorella.</p>

<p>Teresa Pandolfi ha esagerato. Questo pensa chi l&#8217;ha rapita. La sfacciata, attraente bionda a capo dell&#8217;Unità segreta dei Servizi deve essere messa a tacere. Prima di farla fuori, però, serve la certezza che non abbia lasciato prove compromettenti per il loro sistema di potere. Intanto Sara è in crisi. Diverse come il giorno e la notte, lei e Bionda sono amiche, colleghe, rivali. Più ancora: sorelle.</p>
