{"id":990,"date":"2023-11-01T20:26:38","date_gmt":"2023-11-01T20:26:38","guid":{"rendered":"https:\/\/www.premium-libraries.com\/dir\/?post_type=product&#038;p=990"},"modified":"2025-02-28T07:02:50","modified_gmt":"2025-02-28T07:02:50","slug":"trevi-emanuele","status":"publish","type":"product","link":"https:\/\/www.premium-libraries.com\/dir\/prodotto\/trevi-emanuele\/","title":{"rendered":"Casa del mago (la)"},"content":{"rendered":"<p>Nel memorabile incipit di questo libro, la madre di Emanuele Trevi, allora bambino, riferendosi al padre gli ripete spesso un&#8217;istruzione enigmatica: \u00abLo sai com\u2019\u00e8 fatto\u00bb. Per non perderlo (ad esempio, fra le calli di Venezia, in una passeggiata dell&#8217;infanzia) occorre comprendere e accettare la legge della sua distrazione, della sua distanza.<br \/>\nIl padre, Mario Trevi, celebre e riservatissimo psicoanalista junghiano, per Emanuele \u00e8 il mago, un guaritore di anime. Alla sua morte lascia un appartamento-studio che nessuno vuole acquistare, un antro ancora abitato da Psiche, dai vapori invisibili delle vite storte che per decenni ha lenito, raddrizzato. Cos\u00ec il figlio decide di farne casa propria, di trasferirsi nella sua atmosfera inquieta e feconda, e cos\u00ec facendo prova a sciogliere (o ad approfondire?) l&#8217;enigma del padre.<br \/>\nMuovendosi nel suo sempre mutevole territorio, fra autobiografia, riflessione sul senso dei rapporti e dell&#8217;esistenza, storia culturale del Novecento (ne La casa del mago \u2013 accanto a straordinari personaggi contemporanei, tra cui spicca Paradisa, una prostituta peruviana \u2013 figurano Carl Gustav Jung, Natalia Ginzburg, Giorgio Manganelli, Ernst Bernhard&#8230;), Emanuele Trevi ci offre il suo romanzo pi\u00f9 personale, pi\u00f9 commovente, pi\u00f9 ironico (e perfino umoristico): una discesa negli inferi e nella psicosi, una scala che avvicina i vivi e i morti, i savi e i pazzi. Perch\u00e9 ogni vita nasconde una luce, se la si sa stanare; e i gesti e le parole pi\u00f9 semplici rimandano alla trama pi\u00f9 sottile dell&#8217;essere, se li si ascoltare, se si sa lasciarli accadere.<\/p>\n","protected":false},"excerpt":{"rendered":"<p>Nel memorabile incipit di questo libro, la madre di Emanuele Trevi, allora bambino, riferendosi al padre gli ripete spesso un&#8217;istruzione enigmatica: \u00abLo sai com\u2019\u00e8 fatto\u00bb. Per non perderlo (ad esempio, fra le calli di Venezia, in una passeggiata dell&#8217;infanzia) occorre comprendere e accettare la legge della sua distrazione, della sua distanza.<br \/>\nIl padre, Mario Trevi, celebre e riservatissimo psicoanalista junghiano, per Emanuele \u00e8 il mago, un guaritore di anime. Alla sua morte lascia un appartamento-studio che nessuno vuole acquistare, un antro ancora abitato da Psiche, dai vapori invisibili delle vite storte che per decenni ha lenito, raddrizzato. Cos\u00ec il figlio decide di farne casa propria, di trasferirsi nella sua atmosfera inquieta e feconda, e cos\u00ec facendo prova a sciogliere (o ad approfondire?) l&#8217;enigma del padre.<br \/>\nMuovendosi nel suo sempre mutevole territorio, fra autobiografia, riflessione sul senso dei rapporti e dell&#8217;esistenza, storia culturale del Novecento (ne La casa del mago \u2013 accanto a straordinari personaggi contemporanei, tra cui spicca Paradisa, una prostituta peruviana \u2013 figurano Carl Gustav Jung, Natalia Ginzburg, Giorgio Manganelli, Ernst Bernhard&#8230;), Emanuele Trevi ci offre il suo romanzo pi\u00f9 personale, pi\u00f9 commovente, pi\u00f9 ironico (e perfino umoristico): una discesa negli inferi e nella psicosi, una scala che avvicina i vivi e i morti, i savi e i pazzi. <\/p>\n","protected":false},"featured_media":0,"comment_status":"open","ping_status":"closed","template":"","meta":{"_acf_changed":false,"_et_pb_use_builder":"","_et_pb_old_content":"","_et_gb_content_width":""},"anno":[34],"associate-link":[],"autore":[200],"casa-editrice":[201],"dimensione":[202],"ean":[203],"isbn":[204],"lingua":[39],"pagina":[205],"peso":[206],"product_brand":[],"product_cat":[],"product_tag":[32,33],"class_list":{"0":"post-990","1":"product","2":"type-product","3":"status-publish","5":"anno-34","6":"autore-trevi-emanuele","7":"casa-editrice-ponte-alle-grazie","8":"dimensione-20-5-x-3-x-14-1","9":"ean-978-8833316659","10":"isbn-204","11":"lingua-italiano","12":"pagina-205","13":"peso-206","14":"product_tag-libro","15":"product_tag-soft-cover","17":"first","18":"instock","19":"shipping-taxable","20":"purchasable","21":"product-type-simple"},"acf":[],"jetpack_sharing_enabled":true,"_links":{"self":[{"href":"https:\/\/www.premium-libraries.com\/dir\/wp-json\/wp\/v2\/product\/990","targetHints":{"allow":["GET"]}}],"collection":[{"href":"https:\/\/www.premium-libraries.com\/dir\/wp-json\/wp\/v2\/product"}],"about":[{"href":"https:\/\/www.premium-libraries.com\/dir\/wp-json\/wp\/v2\/types\/product"}],"replies":[{"embeddable":true,"href":"https:\/\/www.premium-libraries.com\/dir\/wp-json\/wp\/v2\/comments?post=990"}],"wp:attachment":[{"href":"https:\/\/www.premium-libraries.com\/dir\/wp-json\/wp\/v2\/media?parent=990"}],"wp:term":[{"taxonomy":"anno","embeddable":true,"href":"https:\/\/www.premium-libraries.com\/dir\/wp-json\/wp\/v2\/anno?post=990"},{"taxonomy":"associate-link","embeddable":true,"href":"https:\/\/www.premium-libraries.com\/dir\/wp-json\/wp\/v2\/associate-link?post=990"},{"taxonomy":"autore","embeddable":true,"href":"https:\/\/www.premium-libraries.com\/dir\/wp-json\/wp\/v2\/autore?post=990"},{"taxonomy":"casa-editrice","embeddable":true,"href":"https:\/\/www.premium-libraries.com\/dir\/wp-json\/wp\/v2\/casa-editrice?post=990"},{"taxonomy":"dimensione","embeddable":true,"href":"https:\/\/www.premium-libraries.com\/dir\/wp-json\/wp\/v2\/dimensione?post=990"},{"taxonomy":"ean","embeddable":true,"href":"https:\/\/www.premium-libraries.com\/dir\/wp-json\/wp\/v2\/ean?post=990"},{"taxonomy":"isbn","embeddable":true,"href":"https:\/\/www.premium-libraries.com\/dir\/wp-json\/wp\/v2\/isbn?post=990"},{"taxonomy":"lingua","embeddable":true,"href":"https:\/\/www.premium-libraries.com\/dir\/wp-json\/wp\/v2\/lingua?post=990"},{"taxonomy":"pagina","embeddable":true,"href":"https:\/\/www.premium-libraries.com\/dir\/wp-json\/wp\/v2\/pagina?post=990"},{"taxonomy":"peso","embeddable":true,"href":"https:\/\/www.premium-libraries.com\/dir\/wp-json\/wp\/v2\/peso?post=990"},{"taxonomy":"product_brand","embeddable":true,"href":"https:\/\/www.premium-libraries.com\/dir\/wp-json\/wp\/v2\/product_brand?post=990"},{"taxonomy":"product_cat","embeddable":true,"href":"https:\/\/www.premium-libraries.com\/dir\/wp-json\/wp\/v2\/product_cat?post=990"},{"taxonomy":"product_tag","embeddable":true,"href":"https:\/\/www.premium-libraries.com\/dir\/wp-json\/wp\/v2\/product_tag?post=990"}],"curies":[{"name":"wp","href":"https:\/\/api.w.org\/{rel}","templated":true}]}}